be l(2). Let t(y) = y**3 - 15*y**2 - y + 18. Let b be t(x). Suppose -8*s + 295 = -b*s. Is s composite?
False
Suppose -8789 - 3043 = -8*y. Let h = y - -124. Is h composite?
True
Suppose 21074 = -9*f + 68981. Is f a composite number?
False
Suppose 4*i - 2 = 14. Let d be i*(-1)/((-8)/506). Is d - (-1)/(-1)*2 a composite number?
False
Let l(m) = 2052*m**2 - 3*m - 2. Suppose 0 = 3*v - 3*u + 12, -5*u + 4 = 5*v - 2*u. Is l(v) prime?
True
Let b be 46 + -2 - (-1 - -3). Suppose 0 = 5*u + b - 512. Is u composite?
True
Suppose 12*f - 66151 = 42797. Is f composite?
True
Suppose 5*s = 5*k + 120, k - 76 = -4*s - 0*k. Suppose a - 3*c = -a + 10, -3*c = 4*a - s. Suppose 2*n = -2*d + n + 369, 2*n = a*d - 927. Is d a prime number?
False
Let a = 838 - 490. Is ((-15)/(-12))/(3/a + 0) prime?
False
Suppose -10*z + 37348 = -6*z. Is z prime?
True
Let f(o) = -21*o**3 + 3*o**2 + 9*o + 1. Is f(-4) prime?
False
Let o(i) = -237*i - 94. Is o(-43) prime?
False
Suppose -d - 32520 = -11*d. Let p = 5861 - d. Is p a composite number?
False
Let v = 7 - 5. Suppose 4*l + 20 = -4*m + v*l, 4*l = -3*m - 5. Is -2*3/6*m a prime number?
True
Let d(p) = 426*p. Let o be d(-2). Let u = -461 - o. Let s = 692 - u. Is s a prime number?
False
Suppose 0 = 14*a - 18*a - 12. Is (2 + (a - 0))*-2203 composite?
False
Let y be 100/(-7) + 2/7. Is (-312)/16*y/3 prime?
False
Suppose 0*g - g = -535. Suppose 0 = -0*t + t - g. Is t a composite number?
True
Is 2073*2/(-8)*1972/(-51) a prime number?
False
Let q(m) be the third derivative of -m**5/60 + m**4/3 - 5*m**3/6 + m**2. Let i be q(7). Suppose 0 = -0*c - i*c + 514. Is c prime?
True
Let t = 33 - 21. Let u(i) = 6*i**2 + 10*i + 7. Is u(t) a composite number?
False
Suppose 0*x + x = -3*t + 2, -t = -3. Let q(f) be the first derivative of f**3/3 - f**2/2 + 13*f - 3. Is q(x) a prime number?
False
Let n = -282 + 537. Suppose -3*q + 1259 = 2*q + 4*x, q + 4*x - n = 0. Is q a composite number?
False
Let v(w) = -w**3 - 2*w**2 + 4*w + 3. Let s be v(-3). Suppose s*b = -b - 36. Let u = b - -89. Is u prime?
True
Let j be (-3 + -5)/((-4)/424). Suppose -j = 2*r - 2350. Is r a composite number?
False
Suppose -236 = 4*g - 4*j, -5*g - 283 = -8*j + 6*j. Is (-4)/16*74*(g - 3) composite?
True
Let d = 24 - 19. Suppose -d*f + 37 = -3*b, 2*b = -5*f + 3 + 14. Suppose -f*m + 651 = -4*p - 79, 0 = -3*m + p + 431. Is m a prime number?
False
Suppose 0*l - 254558 = -4*l + 2*w, 0 = 3*l - 4*w - 190911. Is l a prime number?
False
Let k(p) = 32*p**2 - 3*p - 10. Suppose 6 = -63*y + 65*y. Is k(y) prime?
True
Suppose 2*n - 5*r = 5 + 24, n = r + 7. Suppose 0 = 2*g + n, 92 = 4*d - g - 21. Suppose d = 4*s - 48. Is s composite?
False
Suppose -4*t - 4*h = -188, 5*t - 2*h + 5*h - 241 = 0. Suppose 0 = -9*v - 20*v + 16965. Suppose -b + t + v = 0. Is b a composite number?
True
Suppose -20*x = -19*x - 15847. Suppose -8*m = -21*m + x. Is m prime?
False
Suppose -8*o = -6*o. Suppose -13*n + 16*n = o. Suppose -4*s = 3*m - 953, -3*s + 1 - 4 = n. Is m composite?
True
Let p(n) = 1250*n + 3. Let w be ((-20)/40)/((-10)/4 - -2). Is p(w) prime?
False
Suppose -4*x + r = -r - 26, 2*r = -10. Is (2 - x) + 3*1149/9 a composite number?
True
Suppose 6*c + 7*c = -0*c. Suppose 5*o + 20 = c, 3*o + 2*o = n - 163. Is n a composite number?
True
Let m be 3409 - (-4 - -12)/(-2). Suppose -611 = 6*n - m. Is n prime?
True
Suppose 2*c = -y + 2, -5*y + 4 + 6 = 4*c. Let o be 2 + (-324)/(-4 + c). Let q = o - -60. Is q a composite number?
True
Let o be (20/3)/2*(-3)/(-2). Suppose -7*f + 3076 = -o*f. Is f composite?
True
Let j(m) = 173*m**2 - 2*m - 7. Let t(s) = 865*s**2 - 9*s - 35. Let y(v) = 11*j(v) - 2*t(v). Is y(6) composite?
False
Suppose -118169 + 17364 = -5*f. Is f a prime number?
True
Suppose -13 + 135 = 2*u. Let d = -147 + 263. Let r = d - u. Is r composite?
True
Let u be ((-7)/7)/(-2 + 1). Let t be 0/2*u/2. Suppose -j - 5*z + t*z - 7 = 0, 2*j - 38 = 3*z. Is j prime?
True
Let t(v) = 428*v + 37. Is t(12) a prime number?
False
Suppose -16 = 3*f - 4*t, -t = 2*f + 3*t - 16. Suppose 2*y - 28 = -0*y + w, f = -y - 2*w + 14. Suppose -y = -n - 1. Is n a composite number?
False
Suppose 7*q - 67 - 3 = 0. Let r be ((-16)/q)/(12/(-30)). Suppose -r*u + 274 = -2*u - 2*a, -u - 2*a + 125 = 0. Is u a composite number?
True
Suppose 5*g + 7*k - 35 = 2*k, 2*g + 3*k = 16. Suppose -h + g = 41. Is (-2385)/h + (-3)/(-4) a composite number?
False
Suppose -3*t + 6 = 0, 3*o = -32*t + 27*t + 3256. Is o prime?
False
Is (-16)/((-1232)/42867) - 4/(-14) a composite number?
False
Suppose -577 = -5*j + 2278. Suppose j = 6*m - 5*m. Is m prime?
True
Suppose 4*k + 2 + 6 = 4*b, -13 = 3*k + 4*b. Let f be (-30)/(k*4/84). Is (-3)/(-2) + f/12 prime?
True
Suppose 120*r + 152968 = 128*r. Is r a prime number?
True
Let s = 12 - 12. Suppose r + s*u = 4*u + 485, 1 = u. Suppose 0 = -0*w + 2*w + 4*f - 328, 0 = -3*w - 5*f + r. Is w prime?
False
Suppose 5*j + 27*i = 31*i + 19897, -19873 = -5*j - 4*i. Is j a composite number?
True
Let c = 1612 + -806. Let r = c - 535. Is r composite?
False
Let y be 6/18 + (-50)/6. Let r = -14 - y. Let q(b) = 5*b**2 + 5*b + 5. Is q(r) a prime number?
False
Let l be (-1)/(505/(-2650) + 1/5). Suppose 2*w = -0*w + 298. Let f = w + l. Is f a composite number?
False
Let u = 1459 - -1314. Is u a prime number?
False
Suppose 2*u - 24 = 4*g, 5*g - 4*g = -2*u + 29. Suppose -16*z = -u*z. Suppose z = -0*d + 3*d - 363. Is d a prime number?
False
Let y = 8204 - -1553. Is y a composite number?
True
Let b = 3737 + -992. Suppose 2*w - 849 - b = 0. Is w composite?
True
Let x be ((-95)/15)/(3/(-225)). Let s = -284 + x. Is s prime?
True
Suppose 2*a - 5 = t + 4, -5*a = 5*t - 15. Let b = t - -3. Suppose 3 = 3*g - b*g. Is g prime?
True
Let j(o) = 2*o - 3*o - 14*o + 0 + 9. Is j(-4) a composite number?
True
Let s be (-1 - 89/(-5))*5. Suppose 14*c - s = 8*c. Is c composite?
True
Let y(o) = -o**3 + o**2 + o + 12. Let j be y(12). Let n = -571 - j. Suppose 5*l - 546 = n. Is l a composite number?
False
Suppose 0 = 8*p - 7*p - 14. Let t be 162/p + (-9)/(-21). Is -31*(t/(-4))/3 prime?
True
Let m(u) = u**3 + 65*u**2 - 22*u - 145. Is m(-65) composite?
True
Suppose -d + 3 = -1. Suppose 7 = 2*m + y, -2*m - d*y = -m + 7. Suppose 219 = m*g - 1036. Is g composite?
False
Let q(k) = 76*k**2 - 5*k - 8. Let g be q(-5). Let p = -1083 + g. Suppose 3*x = 4*d + 625, -x + 5*x - p = 5*d. Is x a composite number?
False
Suppose 6*f - f = 0. Let p be (2/4)/(-1)*f. Let o(l) = -l + 111. Is o(p) a composite number?
True
Let s(l) = 993*l**2 + 14*l - 33. Is s(2) a prime number?
True
Suppose -2*t = -38 + 24. Suppose t*w - 3991 = -6*w. Is w a composite number?
False
Let v = 6 + -2. Suppose 5*g - 7795 = -3*o, 0 = -v*o + 3*g + 4246 + 6186. Suppose -2*y + o = 3*y. Is y composite?
False
Let q be 8/12 - 17/3. Let n(i) = -4*i + 5. Is n(q) a prime number?
False
Let n be -11 - (-2 - (-3)/3). Let q(b) = b**2 + 11*b + 8. Let d(w) = w**2 + 10*w + 9. Let j(c) = 3*d(c) - 2*q(c). Is j(n) composite?
False
Let u(n) = 4*n**3 + 6*n**2 - 5*n + 3. Let c be u(4). Suppose 132 = 2*f + p, 5*f + 6*p - p = c. Suppose 0 + f = w. Is w a composite number?
True
Suppose -4*k + 332 = 2*b, 2*k = -2*b + 7*k + 368. Is (b/(-5))/((-4)/10) prime?
False
Suppose 0 = 93*q - 96*q + 21. Let n(s) = -7*s**2 + 4*s + 4. Let w(m) = 15*m**2 - 9*m - 7. Let a(r) = -13*n(r) - 6*w(r). Is a(q) a prime number?
True
Suppose -i = -5*p - 29, 0*p + 4*p = 3*i - 43. Let c(l) = 3*l**2 - 11*l + 10. Let w be c(i). Suppose x + x - w = 0. Is x a composite number?
True
Suppose -1725 + 13071 = 2*q + 3*r, -q + 5655 = -3*r. Is q prime?
False
Let i = 247 - 453. Let t = 101 - i. Is t a composite number?
False
Let d(f) = -18*f**3 + f**2 + f + 5. Is d(-8) a composite number?
False
Let p = 22 - 18. Suppose 4*c = 5*c + p. Is 386/5 - c/(-20) prime?
False
Let h(g) be the third derivative of -g**5/60 + g**4/3 + g**3/3 - 39*g**2. Suppose -7 = -k - 1. Is h(k) a composite number?
True
Let l(b) = -13*b + 7. Let y be l(-2). Let h = y + 736. Is h a prime number?
True
Suppose 1291 + 444 = 5*w. Let d = 976 - w. Is d prime?
False
Let j be (5 + -11)*2/(-3). Is (-7911)/18*j/(-6) a prime number?
True
Suppose -2*h + 0*j + 3934 = 4*j, 0 = -5*j - 20. Suppose 5*t = -4*o + 1580, 5*o + t - 2*t - h = 0. Is o a prime number?
False
Suppose 92*z = 95*z + 6. Let b = -1863 + 579. Is z/(-10) - b/5 composi